{"version":"1.0","provider_name":"Watchman Nieuws","provider_url":"https:\/\/watchman.news\/nl","author_name":"Admin","author_url":"https:\/\/watchman.news\/nl\/author\/admin\/","title":"Experte: BRD k\u00f6nnte bald Geschichte sein - Watchman News","type":"rich","width":600,"height":338,"html":"<blockquote class=\"wp-embedded-content\" data-secret=\"u6UihvsnF0\"><a href=\"https:\/\/watchman.news\/nl\/2024\/05\/experte-brd-konnte-bald-geschichte-sein\/\">Experte: BRD k\u00f6nnte bald Geschichte sein<\/a><\/blockquote><iframe sandbox=\"allow-scripts\" security=\"restricted\" src=\"https:\/\/watchman.news\/nl\/2024\/05\/experte-brd-konnte-bald-geschichte-sein\/embed\/#?secret=u6UihvsnF0\" width=\"600\" height=\"338\" title=\"&#8220;Experte: BRD k\u00f6nnte bald Geschichte sein&#8221; &#8212; Watchman News\" data-secret=\"u6UihvsnF0\" frameborder=\"0\" marginwidth=\"0\" marginheight=\"0\" scrolling=\"no\" class=\"wp-embedded-content\"><\/iframe><script type=\"text\/javascript\">\n\/* <![CDATA[ *\/\n\/*! This file is auto-generated *\/\n!function(d,l){\"use strict\";l.querySelector&&d.addEventListener&&\"undefined\"!=typeof URL&&(d.wp=d.wp||{},d.wp.receiveEmbedMessage||(d.wp.receiveEmbedMessage=function(e){var t=e.data;if((t||t.secret||t.message||t.value)&&!\/[^a-zA-Z0-9]\/.test(t.secret)){for(var s,r,n,a=l.querySelectorAll('iframe[data-secret=\"'+t.secret+'\"]'),o=l.querySelectorAll('blockquote[data-secret=\"'+t.secret+'\"]'),c=new RegExp(\"^https?:$\",\"i\"),i=0;i<o.length;i++)o[i].style.display=\"none\";for(i=0;i<a.length;i++)s=a[i],e.source===s.contentWindow&&(s.removeAttribute(\"style\"),\"height\"===t.message?(1e3<(r=parseInt(t.value,10))?r=1e3:~~r<200&&(r=200),s.height=r):\"link\"===t.message&&(r=new URL(s.getAttribute(\"src\")),n=new URL(t.value),c.test(n.protocol))&&n.host===r.host&&l.activeElement===s&&(d.top.location.href=t.value))}},d.addEventListener(\"message\",d.wp.receiveEmbedMessage,!1),l.addEventListener(\"DOMContentLoaded\",function(){for(var e,t,s=l.querySelectorAll(\"iframe.wp-embedded-content\"),r=0;r<s.length;r++)(t=(e=s[r]).getAttribute(\"data-secret\"))||(t=Math.random().toString(36).substring(2,12),e.src+=\"#?secret=\"+t,e.setAttribute(\"data-secret\",t)),e.contentWindow.postMessage({message:\"ready\",secret:t},\"*\")},!1)))}(window,document);\n\/\/# sourceURL=https:\/\/watchman.news\/wp-includes\/js\/wp-embed.min.js\n\/* ]]> *\/\n<\/script>","thumbnail_url":"https:\/\/watchman.news\/wp-content\/uploads\/2024\/05\/Deutschland_Fahne_Flagge_Feuer_kaputt.jpg","thumbnail_width":1200,"thumbnail_height":628,"description":"Stehen BRD und Grundgesetz auf t\u00f6nernen F\u00fc\u00dfen? Ein neues Buch wirft brisante Fragen auf, die den Status quo fundamental infrage stellen. Hier mehr erfahren. Am 23. Mai 1949 wurde in Bonn feierlich das Grundgesetz verk\u00fcndet. Dies war der Gr\u00fcndungsmoment der Bundesrepublik Deutschland. Medien und Politschranzen feiern den Tag und \u00fcberbieten sich gegenseitig in Selbstbeweihr\u00e4ucherung. Was"}

Experte: BRD könnte bald Geschichte sein - Watchman News

<blockquote class="wp-embedded-content" data-secret="u6UihvsnF0"><a href="https://watchman.news/nl/2024/05/experte-brd-konnte-bald-geschichte-sein/">Experte: BRD könnte bald Geschichte sein</a></blockquote><iframe sandbox="allow-scripts" security="restricted" src="https://watchman.news/nl/2024/05/experte-brd-konnte-bald-geschichte-sein/embed/#?secret=u6UihvsnF0" width="600" height="338" title="&#8220;Experte: BRD könnte bald Geschichte sein&#8221; &#8212; Watchman News" data-secret="u6UihvsnF0" frameborder="0" marginwidth="0" marginheight="0" scrolling="no" class="wp-embedded-content"></iframe><script type="text/javascript">
/* <![CDATA[ */
/*! This file is auto-generated */
!function(d,l){"use strict";l.querySelector&&d.addEventListener&&"undefined"!=typeof URL&&(d.wp=d.wp||{},d.wp.receiveEmbedMessage||(d.wp.receiveEmbedMessage=function(e){var t=e.data;if((t||t.secret||t.message||t.value)&&!/[^a-zA-Z0-9]/.test(t.secret)){for(var s,r,n,a=l.querySelectorAll('iframe[data-secret="'+t.secret+'"]'),o=l.querySelectorAll('blockquote[data-secret="'+t.secret+'"]'),c=new RegExp("^https?:$","i"),i=0;i<o.length;i++)o[i].style.display="none";for(i=0;i<a.length;i++)s=a[i],e.source===s.contentWindow&&(s.removeAttribute("style"),"height"===t.message?(1e3<(r=parseInt(t.value,10))?r=1e3:~~r<200&&(r=200),s.height=r):"link"===t.message&&(r=new URL(s.getAttribute("src")),n=new URL(t.value),c.test(n.protocol))&&n.host===r.host&&l.activeElement===s&&(d.top.location.href=t.value))}},d.addEventListener("message",d.wp.receiveEmbedMessage,!1),l.addEventListener("DOMContentLoaded",function(){for(var e,t,s=l.querySelectorAll("iframe.wp-embedded-content"),r=0;r<s.length;r++)(t=(e=s[r]).getAttribute("data-secret"))||(t=Math.random().toString(36).substring(2,12),e.src+="#?secret="+t,e.setAttribute("data-secret",t)),e.contentWindow.postMessage({message:"ready",secret:t},"*")},!1)))}(window,document);
//# sourceURL=https://watchman.news/wp-includes/js/wp-embed.min.js
/* ]]> */
</script>

Stehen BRD und Grundgesetz auf tönernen Füßen? Ein neues Buch wirft brisante Fragen auf, die den Status quo fundamental infrage stellen. Hier mehr erfahren. Am 23. Mai 1949 wurde in Bonn feierlich das Grundgesetz verkündet. Dies war der Gründungsmoment der Bundesrepublik Deutschland. Medien und Politschranzen feiern den Tag und überbieten sich gegenseitig in Selbstbeweihräucherung. Was
