{"version":"1.0","provider_name":"Watchman News","provider_url":"https:\/\/watchman.news\/pl","author_name":"Admin","author_url":"https:\/\/watchman.news\/pl\/author\/admin\/","title":"Fu\u00dfball: Die n\u00e4chste Rassismus-Debatte - Watchman News","type":"rich","width":600,"height":338,"html":"<blockquote class=\"wp-embedded-content\" data-secret=\"17HU1Cqwss\"><a href=\"https:\/\/watchman.news\/pl\/2024\/06\/fusball-die-nachste-rassismus-debatte\/\">Fu\u00dfball: Die n\u00e4chste Rassismus-Debatte<\/a><\/blockquote><iframe sandbox=\"allow-scripts\" security=\"restricted\" src=\"https:\/\/watchman.news\/pl\/2024\/06\/fusball-die-nachste-rassismus-debatte\/embed\/#?secret=17HU1Cqwss\" width=\"600\" height=\"338\" title=\"&#8222;Fu\u00dfball: Die n\u00e4chste Rassismus-Debatte&#8221; &#8212; Watchman News\" data-secret=\"17HU1Cqwss\" frameborder=\"0\" marginwidth=\"0\" marginheight=\"0\" scrolling=\"no\" class=\"wp-embedded-content\"><\/iframe><script type=\"text\/javascript\">\n\/* <![CDATA[ *\/\n\/*! This file is auto-generated *\/\n!function(d,l){\"use strict\";l.querySelector&&d.addEventListener&&\"undefined\"!=typeof URL&&(d.wp=d.wp||{},d.wp.receiveEmbedMessage||(d.wp.receiveEmbedMessage=function(e){var t=e.data;if((t||t.secret||t.message||t.value)&&!\/[^a-zA-Z0-9]\/.test(t.secret)){for(var s,r,n,a=l.querySelectorAll('iframe[data-secret=\"'+t.secret+'\"]'),o=l.querySelectorAll('blockquote[data-secret=\"'+t.secret+'\"]'),c=new RegExp(\"^https?:$\",\"i\"),i=0;i<o.length;i++)o[i].style.display=\"none\";for(i=0;i<a.length;i++)s=a[i],e.source===s.contentWindow&&(s.removeAttribute(\"style\"),\"height\"===t.message?(1e3<(r=parseInt(t.value,10))?r=1e3:~~r<200&&(r=200),s.height=r):\"link\"===t.message&&(r=new URL(s.getAttribute(\"src\")),n=new URL(t.value),c.test(n.protocol))&&n.host===r.host&&l.activeElement===s&&(d.top.location.href=t.value))}},d.addEventListener(\"message\",d.wp.receiveEmbedMessage,!1),l.addEventListener(\"DOMContentLoaded\",function(){for(var e,t,s=l.querySelectorAll(\"iframe.wp-embedded-content\"),r=0;r<s.length;r++)(t=(e=s[r]).getAttribute(\"data-secret\"))||(t=Math.random().toString(36).substring(2,12),e.src+=\"#?secret=\"+t,e.setAttribute(\"data-secret\",t)),e.contentWindow.postMessage({message:\"ready\",secret:t},\"*\")},!1)))}(window,document);\n\/\/# sourceURL=https:\/\/watchman.news\/wp-includes\/js\/wp-embed.min.js\n\/* ]]> *\/\n<\/script>","thumbnail_url":"https:\/\/watchman.news\/wp-content\/uploads\/2024\/06\/Fussball-Sane.jpg","thumbnail_width":1280,"thumbnail_height":669,"description":"Jeder f\u00fcnfte Bundesdeutsche m\u00f6chte mehr Fu\u00dfballer ohne Migrationshintergrund in der Nationalelf sehen. Die Aufregung um ein solches Umfrageergebnis ist gro\u00df. Eine sachliche Stimme aber gibt es. Kurz vor der EM legt ein Historiker seine Abrechnung mit dem modernen Fu\u00dfball vor: \u201eFu\u00dfball war unser Leben. Wie Politik und Kommerz die sch\u00f6nste Nebendache der Welt fast zerst\u00f6rten\u201c."}

Fußball: Die nächste Rassismus-Debatte - Watchman News

<blockquote class="wp-embedded-content" data-secret="17HU1Cqwss"><a href="https://watchman.news/pl/2024/06/fusball-die-nachste-rassismus-debatte/">Fußball: Die nächste Rassismus-Debatte</a></blockquote><iframe sandbox="allow-scripts" security="restricted" src="https://watchman.news/pl/2024/06/fusball-die-nachste-rassismus-debatte/embed/#?secret=17HU1Cqwss" width="600" height="338" title="&#8222;Fußball: Die nächste Rassismus-Debatte&#8221; &#8212; Watchman News" data-secret="17HU1Cqwss" frameborder="0" marginwidth="0" marginheight="0" scrolling="no" class="wp-embedded-content"></iframe><script type="text/javascript">
/* <![CDATA[ */
/*! This file is auto-generated */
!function(d,l){"use strict";l.querySelector&&d.addEventListener&&"undefined"!=typeof URL&&(d.wp=d.wp||{},d.wp.receiveEmbedMessage||(d.wp.receiveEmbedMessage=function(e){var t=e.data;if((t||t.secret||t.message||t.value)&&!/[^a-zA-Z0-9]/.test(t.secret)){for(var s,r,n,a=l.querySelectorAll('iframe[data-secret="'+t.secret+'"]'),o=l.querySelectorAll('blockquote[data-secret="'+t.secret+'"]'),c=new RegExp("^https?:$","i"),i=0;i<o.length;i++)o[i].style.display="none";for(i=0;i<a.length;i++)s=a[i],e.source===s.contentWindow&&(s.removeAttribute("style"),"height"===t.message?(1e3<(r=parseInt(t.value,10))?r=1e3:~~r<200&&(r=200),s.height=r):"link"===t.message&&(r=new URL(s.getAttribute("src")),n=new URL(t.value),c.test(n.protocol))&&n.host===r.host&&l.activeElement===s&&(d.top.location.href=t.value))}},d.addEventListener("message",d.wp.receiveEmbedMessage,!1),l.addEventListener("DOMContentLoaded",function(){for(var e,t,s=l.querySelectorAll("iframe.wp-embedded-content"),r=0;r<s.length;r++)(t=(e=s[r]).getAttribute("data-secret"))||(t=Math.random().toString(36).substring(2,12),e.src+="#?secret="+t,e.setAttribute("data-secret",t)),e.contentWindow.postMessage({message:"ready",secret:t},"*")},!1)))}(window,document);
//# sourceURL=https://watchman.news/wp-includes/js/wp-embed.min.js
/* ]]> */
</script>

Jeder fünfte Bundesdeutsche möchte mehr Fußballer ohne Migrationshintergrund in der Nationalelf sehen. Die Aufregung um ein solches Umfrageergebnis ist groß. Eine sachliche Stimme aber gibt es. Kurz vor der EM legt ein Historiker seine Abrechnung mit dem modernen Fußball vor: „Fußball war unser Leben. Wie Politik und Kommerz die schönste Nebendache der Welt fast zerstörten“.
